{"id":50,"date":"2020-10-06T10:41:11","date_gmt":"2020-10-06T08:41:11","guid":{"rendered":"http:\/\/lebenswelt-schule.webentwicklung.haus-der-edv.de\/?page_id=50"},"modified":"2025-10-21T09:56:17","modified_gmt":"2025-10-21T07:56:17","slug":"hortteam","status":"publish","type":"page","link":"https:\/\/www.lebenswelt-schule.de\/index.php\/hort\/hortteam\/","title":{"rendered":"Unser Hortteam"},"content":{"rendered":"\n<p><\/p>\n\n\n\n<p><\/p>\n\n\n\n<h2 class=\"wp-block-heading\">Das Hortteam<\/h2>\n\n\n\n<p class=\"has-text-align-left\">Das multiprofessionelles und engagiertes Hortteam besteht aus f\u00fcnf erfahrenen p\u00e4dagogischen Fachkr\u00e4ften.<\/p>\n\n\n\n<p class=\"has-text-align-left\">Wir verf\u00fcgen \u00fcber weit gef\u00e4cherte Zusatzqualifikationen, u.a. in den Bereichen: Religionsp\u00e4dagogik, <br>Bewegung nach Hengstenberg, Traumap\u00e4dagogik, Gesundheitserziehung, \u00c4sthetische Bildung, Goldy Play Erz\u00e4hler und Praxisanleitung.<\/p>\n\n\n\n<p>Alle unsere p\u00e4dagogischen Fachkr\u00e4fte richten sich nach den Montessori-Standards und vereinen im Lebenswelt Hort ihre Kompetenzen und langj\u00e4hrigen Erfahrungen aus verschiedenen Kontexten.<\/p>\n\n\n\n<h2 class=\"wp-block-heading has-black-color has-text-color\">Ansprechperson f\u00fcr Ihre Fragen<\/h2>\n\n\n\n<p>Fragen und Unsicherheiten bei der Erziehung, ein herausfordernder Familienalltag, Trennungssituationen <br>und neue Familienkonstellationen sowie pers\u00f6nliche Krisen k\u00f6nnen Eltern und Kindern sehr belasten. <\/p>\n\n\n\n<p>Ein vertrautes Gespr\u00e4ch, um seinen Sorgen Raum zu geben und diese auszusprechen, kann ein erster Schritt sein, um angespannte Situationen zu entlasten und neue Perspektiven zu erhalten. Wir bieten Eltern ein offenes Ohr und k\u00f6nnen mit ihnen gemeinsam nach st\u00e4rkenden Ressourcen suchen.<\/p>\n\n\n\n<h2 class=\"wp-block-heading\"> <\/h2>\n","protected":false},"excerpt":{"rendered":"<p>Das Hortteam Das multiprofessionelles und engagiertes Hortteam besteht aus f\u00fcnf erfahrenen p\u00e4dagogischen Fachkr\u00e4ften. Wir verf\u00fcgen \u00fcber weit gef\u00e4cherte Zusatzqualifikationen, u.a. in den Bereichen: Religionsp\u00e4dagogik, Bewegung nach Hengstenberg, Traumap\u00e4dagogik, Gesundheitserziehung, \u00c4sthetische Bildung, Goldy Play Erz\u00e4hler und Praxisanleitung. Alle unsere p\u00e4dagogischen Fachkr\u00e4fte richten sich nach den Montessori-Standards und vereinen im Lebenswelt Hort ihre Kompetenzen und langj\u00e4hrigen Erfahrungen<a href=\"https:\/\/www.lebenswelt-schule.de\/index.php\/hort\/hortteam\/\">[&#8230;]<\/a><\/p>\n","protected":false},"author":1,"featured_media":0,"parent":43,"menu_order":0,"comment_status":"closed","ping_status":"closed","template":"","meta":{"_themeisle_gutenberg_block_has_review":false,"footnotes":""},"class_list":["post-50","page","type-page","status-publish","hentry"],"yoast_head":"<!-- This site is optimized with the Yoast SEO plugin v26.9 - https:\/\/yoast.com\/product\/yoast-seo-wordpress\/ -->\n<title>Unser Hortteam - Lebenswelt Schule<\/title>\n<meta name=\"robots\" content=\"index, follow, max-snippet:-1, max-image-preview:large, max-video-preview:-1\" \/>\n<link rel=\"canonical\" href=\"https:\/\/www.lebenswelt-schule.de\/index.php\/hort\/hortteam\/\" \/>\n<meta property=\"og:locale\" content=\"de_DE\" \/>\n<meta property=\"og:type\" content=\"article\" \/>\n<meta property=\"og:title\" content=\"Unser Hortteam - Lebenswelt Schule\" \/>\n<meta property=\"og:description\" content=\"Das Hortteam Das multiprofessionelles und engagiertes Hortteam besteht aus f\u00fcnf erfahrenen p\u00e4dagogischen Fachkr\u00e4ften. Wir verf\u00fcgen \u00fcber weit gef\u00e4cherte Zusatzqualifikationen, u.a. in den Bereichen: Religionsp\u00e4dagogik, Bewegung nach Hengstenberg, Traumap\u00e4dagogik, Gesundheitserziehung, \u00c4sthetische Bildung, Goldy Play Erz\u00e4hler und Praxisanleitung. Alle unsere p\u00e4dagogischen Fachkr\u00e4fte richten sich nach den Montessori-Standards und vereinen im Lebenswelt Hort ihre Kompetenzen und langj\u00e4hrigen Erfahrungen[...]\" \/>\n<meta property=\"og:url\" content=\"https:\/\/www.lebenswelt-schule.de\/index.php\/hort\/hortteam\/\" \/>\n<meta property=\"og:site_name\" content=\"Lebenswelt Schule\" \/>\n<meta property=\"article:publisher\" content=\"https:\/\/www.facebook.com\/lebensweltschule\" \/>\n<meta property=\"article:modified_time\" content=\"2025-10-21T07:56:17+00:00\" \/>\n<meta name=\"twitter:card\" content=\"summary_large_image\" \/>\n<meta name=\"twitter:label1\" content=\"Gesch\u00e4tzte Lesezeit\" \/>\n\t<meta name=\"twitter:data1\" content=\"1\u00a0Minute\" \/>\n<script type=\"application\/ld+json\" class=\"yoast-schema-graph\">{\"@context\":\"https:\/\/schema.org\",\"@graph\":[{\"@type\":\"WebPage\",\"@id\":\"https:\/\/www.lebenswelt-schule.de\/index.php\/hort\/hortteam\/\",\"url\":\"https:\/\/www.lebenswelt-schule.de\/index.php\/hort\/hortteam\/\",\"name\":\"Unser Hortteam - Lebenswelt Schule\",\"isPartOf\":{\"@id\":\"https:\/\/www.lebenswelt-schule.de\/#website\"},\"datePublished\":\"2020-10-06T08:41:11+00:00\",\"dateModified\":\"2025-10-21T07:56:17+00:00\",\"breadcrumb\":{\"@id\":\"https:\/\/www.lebenswelt-schule.de\/index.php\/hort\/hortteam\/#breadcrumb\"},\"inLanguage\":\"de\",\"potentialAction\":[{\"@type\":\"ReadAction\",\"target\":[\"https:\/\/www.lebenswelt-schule.de\/index.php\/hort\/hortteam\/\"]}]},{\"@type\":\"BreadcrumbList\",\"@id\":\"https:\/\/www.lebenswelt-schule.de\/index.php\/hort\/hortteam\/#breadcrumb\",\"itemListElement\":[{\"@type\":\"ListItem\",\"position\":1,\"name\":\"Home\",\"item\":\"https:\/\/www.lebenswelt-schule.de\/\"},{\"@type\":\"ListItem\",\"position\":2,\"name\":\"Hort\",\"item\":\"https:\/\/www.lebenswelt-schule.de\/index.php\/hort\/\"},{\"@type\":\"ListItem\",\"position\":3,\"name\":\"Unser Hortteam\"}]},{\"@type\":\"WebSite\",\"@id\":\"https:\/\/www.lebenswelt-schule.de\/#website\",\"url\":\"https:\/\/www.lebenswelt-schule.de\/\",\"name\":\"Lebenswelt Schule\",\"description\":\"Christliche Montessori-Ganztagsschule staatlich anerkannte Ersatzschule\",\"publisher\":{\"@id\":\"https:\/\/www.lebenswelt-schule.de\/#organization\"},\"potentialAction\":[{\"@type\":\"SearchAction\",\"target\":{\"@type\":\"EntryPoint\",\"urlTemplate\":\"https:\/\/www.lebenswelt-schule.de\/?s={search_term_string}\"},\"query-input\":{\"@type\":\"PropertyValueSpecification\",\"valueRequired\":true,\"valueName\":\"search_term_string\"}}],\"inLanguage\":\"de\"},{\"@type\":\"Organization\",\"@id\":\"https:\/\/www.lebenswelt-schule.de\/#organization\",\"name\":\"Lebenswelt Schule\",\"url\":\"https:\/\/www.lebenswelt-schule.de\/\",\"logo\":{\"@type\":\"ImageObject\",\"inLanguage\":\"de\",\"@id\":\"https:\/\/www.lebenswelt-schule.de\/#\/schema\/logo\/image\/\",\"url\":\"https:\/\/www.lebenswelt-schule.de\/wp-content\/uploads\/2021\/01\/logo-briefkopf.jpg\",\"contentUrl\":\"https:\/\/www.lebenswelt-schule.de\/wp-content\/uploads\/2021\/01\/logo-briefkopf.jpg\",\"width\":2442,\"height\":1638,\"caption\":\"Lebenswelt Schule\"},\"image\":{\"@id\":\"https:\/\/www.lebenswelt-schule.de\/#\/schema\/logo\/image\/\"},\"sameAs\":[\"https:\/\/www.facebook.com\/lebensweltschule\"]}]}<\/script>\n<!-- \/ Yoast SEO plugin. -->","yoast_head_json":{"title":"Unser Hortteam - Lebenswelt Schule","robots":{"index":"index","follow":"follow","max-snippet":"max-snippet:-1","max-image-preview":"max-image-preview:large","max-video-preview":"max-video-preview:-1"},"canonical":"https:\/\/www.lebenswelt-schule.de\/index.php\/hort\/hortteam\/","og_locale":"de_DE","og_type":"article","og_title":"Unser Hortteam - Lebenswelt Schule","og_description":"Das Hortteam Das multiprofessionelles und engagiertes Hortteam besteht aus f\u00fcnf erfahrenen p\u00e4dagogischen Fachkr\u00e4ften. Wir verf\u00fcgen \u00fcber weit gef\u00e4cherte Zusatzqualifikationen, u.a. in den Bereichen: Religionsp\u00e4dagogik, Bewegung nach Hengstenberg, Traumap\u00e4dagogik, Gesundheitserziehung, \u00c4sthetische Bildung, Goldy Play Erz\u00e4hler und Praxisanleitung. Alle unsere p\u00e4dagogischen Fachkr\u00e4fte richten sich nach den Montessori-Standards und vereinen im Lebenswelt Hort ihre Kompetenzen und langj\u00e4hrigen Erfahrungen[...]","og_url":"https:\/\/www.lebenswelt-schule.de\/index.php\/hort\/hortteam\/","og_site_name":"Lebenswelt Schule","article_publisher":"https:\/\/www.facebook.com\/lebensweltschule","article_modified_time":"2025-10-21T07:56:17+00:00","twitter_card":"summary_large_image","twitter_misc":{"Gesch\u00e4tzte Lesezeit":"1\u00a0Minute"},"schema":{"@context":"https:\/\/schema.org","@graph":[{"@type":"WebPage","@id":"https:\/\/www.lebenswelt-schule.de\/index.php\/hort\/hortteam\/","url":"https:\/\/www.lebenswelt-schule.de\/index.php\/hort\/hortteam\/","name":"Unser Hortteam - Lebenswelt Schule","isPartOf":{"@id":"https:\/\/www.lebenswelt-schule.de\/#website"},"datePublished":"2020-10-06T08:41:11+00:00","dateModified":"2025-10-21T07:56:17+00:00","breadcrumb":{"@id":"https:\/\/www.lebenswelt-schule.de\/index.php\/hort\/hortteam\/#breadcrumb"},"inLanguage":"de","potentialAction":[{"@type":"ReadAction","target":["https:\/\/www.lebenswelt-schule.de\/index.php\/hort\/hortteam\/"]}]},{"@type":"BreadcrumbList","@id":"https:\/\/www.lebenswelt-schule.de\/index.php\/hort\/hortteam\/#breadcrumb","itemListElement":[{"@type":"ListItem","position":1,"name":"Home","item":"https:\/\/www.lebenswelt-schule.de\/"},{"@type":"ListItem","position":2,"name":"Hort","item":"https:\/\/www.lebenswelt-schule.de\/index.php\/hort\/"},{"@type":"ListItem","position":3,"name":"Unser Hortteam"}]},{"@type":"WebSite","@id":"https:\/\/www.lebenswelt-schule.de\/#website","url":"https:\/\/www.lebenswelt-schule.de\/","name":"Lebenswelt Schule","description":"Christliche Montessori-Ganztagsschule staatlich anerkannte Ersatzschule","publisher":{"@id":"https:\/\/www.lebenswelt-schule.de\/#organization"},"potentialAction":[{"@type":"SearchAction","target":{"@type":"EntryPoint","urlTemplate":"https:\/\/www.lebenswelt-schule.de\/?s={search_term_string}"},"query-input":{"@type":"PropertyValueSpecification","valueRequired":true,"valueName":"search_term_string"}}],"inLanguage":"de"},{"@type":"Organization","@id":"https:\/\/www.lebenswelt-schule.de\/#organization","name":"Lebenswelt Schule","url":"https:\/\/www.lebenswelt-schule.de\/","logo":{"@type":"ImageObject","inLanguage":"de","@id":"https:\/\/www.lebenswelt-schule.de\/#\/schema\/logo\/image\/","url":"https:\/\/www.lebenswelt-schule.de\/wp-content\/uploads\/2021\/01\/logo-briefkopf.jpg","contentUrl":"https:\/\/www.lebenswelt-schule.de\/wp-content\/uploads\/2021\/01\/logo-briefkopf.jpg","width":2442,"height":1638,"caption":"Lebenswelt Schule"},"image":{"@id":"https:\/\/www.lebenswelt-schule.de\/#\/schema\/logo\/image\/"},"sameAs":["https:\/\/www.facebook.com\/lebensweltschule"]}]}},"_links":{"self":[{"href":"https:\/\/www.lebenswelt-schule.de\/index.php\/wp-json\/wp\/v2\/pages\/50","targetHints":{"allow":["GET"]}}],"collection":[{"href":"https:\/\/www.lebenswelt-schule.de\/index.php\/wp-json\/wp\/v2\/pages"}],"about":[{"href":"https:\/\/www.lebenswelt-schule.de\/index.php\/wp-json\/wp\/v2\/types\/page"}],"author":[{"embeddable":true,"href":"https:\/\/www.lebenswelt-schule.de\/index.php\/wp-json\/wp\/v2\/users\/1"}],"replies":[{"embeddable":true,"href":"https:\/\/www.lebenswelt-schule.de\/index.php\/wp-json\/wp\/v2\/comments?post=50"}],"version-history":[{"count":32,"href":"https:\/\/www.lebenswelt-schule.de\/index.php\/wp-json\/wp\/v2\/pages\/50\/revisions"}],"predecessor-version":[{"id":1797,"href":"https:\/\/www.lebenswelt-schule.de\/index.php\/wp-json\/wp\/v2\/pages\/50\/revisions\/1797"}],"up":[{"embeddable":true,"href":"https:\/\/www.lebenswelt-schule.de\/index.php\/wp-json\/wp\/v2\/pages\/43"}],"wp:attachment":[{"href":"https:\/\/www.lebenswelt-schule.de\/index.php\/wp-json\/wp\/v2\/media?parent=50"}],"curies":[{"name":"wp","href":"https:\/\/api.w.org\/{rel}","templated":true}]}}