{"id":64,"date":"2020-10-06T10:43:25","date_gmt":"2020-10-06T08:43:25","guid":{"rendered":"http:\/\/lebenswelt-schule.webentwicklung.haus-der-edv.de\/?page_id=64"},"modified":"2026-02-03T16:44:59","modified_gmt":"2026-02-03T15:44:59","slug":"kurzkonzept","status":"publish","type":"page","link":"https:\/\/www.lebenswelt-schule.de\/index.php\/lebenswelt\/kurzkonzept\/","title":{"rendered":"Konzept Soziales Lernen und soziales Miteinander an der Lebenswelt Schul"},"content":{"rendered":"\n<h1 class=\"has-text-color wp-block-heading\" style=\"color:#034316\"><span style=\"color:#034316\" class=\"has-inline-color\">Leits\u00e4tze unserer Zusammenarbeit <\/span><\/h1>\n\n\n\n<p class=\"has-normal-font-size\">Die Leits\u00e4tze unserer Zusammenarbeit sind im Kontext unseres Schulentwicklungsprozesses\u00a0 2018\/2019 entstanden. Sie wurden von allen Mitarbeiter*innen des Lebenswelt Schule e.V. erarbeitet und dienen uns als Orientierung, als Qualit\u00e4tsmerkmal und als Leitbild f\u00fcr unser t\u00e4gliches Miteinander. <\/p>\n\n\n\n<p>Unsere Arbeit steht auf einem Fundament, welches das christliche Menschenbild in den Mittelpunkt stellt. Gegenseitige Achtung, Wertsch\u00e4tzung, Fehlerfreundlichkeit und Anteilnahme sind f\u00fcr uns wesentliche Parameter im Umgang miteinander.<\/p>\n\n\n\n<div class=\"wp-block-group\"><div class=\"wp-block-group__inner-container is-layout-flow wp-block-group-is-layout-flow\">\n<div class=\"wp-block-image\"><figure class=\"aligncenter size-full is-resized\"><img loading=\"lazy\" decoding=\"async\" src=\"http:\/\/lebenswelt-schule.webentwicklung.haus-der-edv.de\/wp-content\/uploads\/2020\/12\/Plakat_Zusammenarbeit-1.jpg\" alt=\"\" class=\"wp-image-551\" width=\"393\" height=\"551\" srcset=\"https:\/\/www.lebenswelt-schule.de\/wp-content\/uploads\/2020\/12\/Plakat_Zusammenarbeit-1.jpg 582w, https:\/\/www.lebenswelt-schule.de\/wp-content\/uploads\/2020\/12\/Plakat_Zusammenarbeit-1-214x300.jpg 214w\" sizes=\"auto, (max-width: 393px) 100vw, 393px\" \/><\/figure><\/div>\n<\/div><\/div>\n\n\n\n<h2 class=\"has-text-color wp-block-heading\" style=\"color:#034316\"><span style=\"color:#034316\" class=\"has-inline-color\"><strong>WIR TRAGEN GEMEINSAM VERANTWORTUNG F\u00dcR UNSERE LEBENSWELT<\/strong>.<\/span><\/h2>\n\n\n\n<ul class=\"wp-block-list\"><li>Wir tragen gemeinsam Verantwortung f\u00fcr unsere Lebenswelt Schule und formulieren gemeinsam Ziele zur Verbesserung oder Weiterentwicklung.<\/li><li>Jeder\/ jede Mitarbeiter*in arbeitet engagiert im eigenen Bereich und erf\u00fcllt seine\/ ihre Aufgaben eigenst\u00e4ndig und verantwortungsvoll.<\/li><li>Das Leitungsteam und alle Mitarbeiter*innen kennen und nutzen die geschaffenen Strukturen des Organisationshandbuches verantwortungsbewusst.<\/li><\/ul>\n\n\n\n<h2 class=\"wp-block-heading\"><span style=\"color:#034316\" class=\"has-inline-color\"><strong>WIR KOMMUNIZIEREN WERTSCH\u00c4TZEND MITEINANDER<\/strong>.<\/span><\/h2>\n\n\n\n<ul class=\"wp-block-list\"><li>Alle Mitglieder unserer Gemeinschaft stehen im offenen Dialog und gehen achtsam, wertsch\u00e4tzend, kooperativ und tolerant miteinander um. <\/li><li>Das Gesamtteam nimmt sich in verbindlichen Workshops und Klausuren Zeit f\u00fcr gegenseitigen Austausch und die Weiterentwicklung bzw. Verbesserung der Kommunikation.<\/li><li>Der erarbeitete Leitfaden Konfliktmanagement ist die Grundlage f\u00fcr unser Vorgehen bei Problemen und Konflikten.<\/li><\/ul>\n\n\n\n<h2 class=\"wp-block-heading\"><span style=\"color:#034316\" class=\"has-inline-color\"><strong>WIR UNTERST\u00dcTZEN UNS GEGENSEITIG<\/strong>.<\/span><\/h2>\n\n\n\n<ul class=\"wp-block-list\"><li>Alle Mitarbeiter*innen nehmen sich gegenseitig wahr und unterst\u00fctzen sich situationsbezogen im Gesamtteam.<\/li><li>Wir sind solidarisch, bieten Hilfe an und bitten um Hilfe.<\/li><li>Wir gehen verst\u00e4ndnisvoll auf unsere jeweiligen pers\u00f6nlichen Lebensherausforderungen ein.<\/li><\/ul>\n\n\n\n<h2 class=\"wp-block-heading\"><strong><span style=\"color:#034316\" class=\"has-inline-color\">WIR LEBEN INKLUSIVE WERT<\/span><\/strong><span style=\"color:#04623f\" class=\"has-inline-color\"><strong>E<\/strong><\/span>.<\/h2>\n\n\n\n<ul class=\"wp-block-list\"><li>Die Lebenswelt Schule m\u00f6chte eine inklusive Schule sein.<\/li><li>Die Schulgemeinschaft tauscht sich regelm\u00e4\u00dfig \u00fcber inklusive Haltungen und Werte aus.<\/li><li>Vielfalt und Teilhabe sind die selbstverst\u00e4ndlichen und grundlegenden Werte<\/li><\/ul>\n\n\n\n<h2 class=\"wp-block-heading\"><span style=\"color:#034316\" class=\"has-inline-color\"><strong>WIR PFLEGEN EINE WILLKOMMENSKULTUR F\u00dcR NEUE MITARBEITER*INNEN<\/strong>.<\/span><\/h2>\n\n\n\n<ul class=\"wp-block-list\"><li>Wir halten uns an den erarbeiteten Leitfaden zur Einarbeitung neuer Mitarbeiter*innen.<\/li><li>Neue Mitarbeiter*innen hei\u00dfen wir willkommen und freuen uns auf das gegenseitige Kennenlernen und die Bereicherung im Team.<\/li><li>An der Einarbeitung neuer Mitarbeiter*innen wirken alle Teammitglieder mit.<\/li><\/ul>\n\n\n\n<h2 class=\"wp-block-heading\"><span style=\"color:#034316\" class=\"has-inline-color\"><strong>WIR ENTWICKELN UNSERE SCHULE GEMEINSAM WEITER<\/strong>.<\/span><\/h2>\n\n\n\n<ul class=\"wp-block-list\"><li>Schulentwicklung ist Aufgabe aller an Schule Beteiligter.<\/li><li>Daher beziehen wir alle Mitarbeiter*innen, Eltern und Kinder ein.<\/li><li>J\u00e4hrlich finden Klausuren aller Mitarbeiter*innen statt, um Strukturen und Ziele zur \u00fcberpr\u00fcfen und zu verbessern. Regelm\u00e4\u00dfig evaluieren wir unsere p\u00e4dagogische Arbeit<\/li><\/ul>\n","protected":false},"excerpt":{"rendered":"<p>Leits\u00e4tze unserer Zusammenarbeit Die Leits\u00e4tze unserer Zusammenarbeit sind im Kontext unseres Schulentwicklungsprozesses\u00a0 2018\/2019 entstanden. Sie wurden von allen Mitarbeiter*innen des Lebenswelt Schule e.V. erarbeitet und dienen uns als Orientierung, als Qualit\u00e4tsmerkmal und als Leitbild f\u00fcr unser t\u00e4gliches Miteinander. Unsere Arbeit steht auf einem Fundament, welches das christliche Menschenbild in den Mittelpunkt stellt. Gegenseitige Achtung, Wertsch\u00e4tzung,<a href=\"https:\/\/www.lebenswelt-schule.de\/index.php\/lebenswelt\/kurzkonzept\/\">[&#8230;]<\/a><\/p>\n","protected":false},"author":1,"featured_media":0,"parent":62,"menu_order":0,"comment_status":"closed","ping_status":"closed","template":"","meta":{"_themeisle_gutenberg_block_has_review":false,"footnotes":""},"class_list":["post-64","page","type-page","status-publish","hentry"],"yoast_head":"<!-- This site is optimized with the Yoast SEO plugin v26.9 - https:\/\/yoast.com\/product\/yoast-seo-wordpress\/ -->\n<title>Konzept Soziales Lernen und soziales Miteinander an der Lebenswelt Schul - Lebenswelt Schule<\/title>\n<meta name=\"robots\" content=\"index, follow, max-snippet:-1, max-image-preview:large, max-video-preview:-1\" \/>\n<link rel=\"canonical\" href=\"https:\/\/www.lebenswelt-schule.de\/index.php\/lebenswelt\/kurzkonzept\/\" \/>\n<meta property=\"og:locale\" content=\"de_DE\" \/>\n<meta property=\"og:type\" content=\"article\" \/>\n<meta property=\"og:title\" content=\"Konzept Soziales Lernen und soziales Miteinander an der Lebenswelt Schul - Lebenswelt Schule\" \/>\n<meta property=\"og:description\" content=\"Leits\u00e4tze unserer Zusammenarbeit Die Leits\u00e4tze unserer Zusammenarbeit sind im Kontext unseres Schulentwicklungsprozesses\u00a0 2018\/2019 entstanden. Sie wurden von allen Mitarbeiter*innen des Lebenswelt Schule e.V. erarbeitet und dienen uns als Orientierung, als Qualit\u00e4tsmerkmal und als Leitbild f\u00fcr unser t\u00e4gliches Miteinander. Unsere Arbeit steht auf einem Fundament, welches das christliche Menschenbild in den Mittelpunkt stellt. Gegenseitige Achtung, Wertsch\u00e4tzung,[...]\" \/>\n<meta property=\"og:url\" content=\"https:\/\/www.lebenswelt-schule.de\/index.php\/lebenswelt\/kurzkonzept\/\" \/>\n<meta property=\"og:site_name\" content=\"Lebenswelt Schule\" \/>\n<meta property=\"article:publisher\" content=\"https:\/\/www.facebook.com\/lebensweltschule\" \/>\n<meta property=\"article:modified_time\" content=\"2026-02-03T15:44:59+00:00\" \/>\n<meta property=\"og:image\" content=\"https:\/\/www.lebenswelt-schule.de\/wp-content\/uploads\/2020\/12\/Plakat_Zusammenarbeit-1.jpg\" \/>\n\t<meta property=\"og:image:width\" content=\"582\" \/>\n\t<meta property=\"og:image:height\" content=\"816\" \/>\n\t<meta property=\"og:image:type\" content=\"image\/jpeg\" \/>\n<meta name=\"twitter:card\" content=\"summary_large_image\" \/>\n<meta name=\"twitter:label1\" content=\"Gesch\u00e4tzte Lesezeit\" \/>\n\t<meta name=\"twitter:data1\" content=\"3\u00a0Minuten\" \/>\n<script type=\"application\/ld+json\" class=\"yoast-schema-graph\">{\"@context\":\"https:\/\/schema.org\",\"@graph\":[{\"@type\":\"WebPage\",\"@id\":\"https:\/\/www.lebenswelt-schule.de\/index.php\/lebenswelt\/kurzkonzept\/\",\"url\":\"https:\/\/www.lebenswelt-schule.de\/index.php\/lebenswelt\/kurzkonzept\/\",\"name\":\"Konzept Soziales Lernen und soziales Miteinander an der Lebenswelt Schul - Lebenswelt Schule\",\"isPartOf\":{\"@id\":\"https:\/\/www.lebenswelt-schule.de\/#website\"},\"primaryImageOfPage\":{\"@id\":\"https:\/\/www.lebenswelt-schule.de\/index.php\/lebenswelt\/kurzkonzept\/#primaryimage\"},\"image\":{\"@id\":\"https:\/\/www.lebenswelt-schule.de\/index.php\/lebenswelt\/kurzkonzept\/#primaryimage\"},\"thumbnailUrl\":\"http:\/\/lebenswelt-schule.webentwicklung.haus-der-edv.de\/wp-content\/uploads\/2020\/12\/Plakat_Zusammenarbeit-1.jpg\",\"datePublished\":\"2020-10-06T08:43:25+00:00\",\"dateModified\":\"2026-02-03T15:44:59+00:00\",\"breadcrumb\":{\"@id\":\"https:\/\/www.lebenswelt-schule.de\/index.php\/lebenswelt\/kurzkonzept\/#breadcrumb\"},\"inLanguage\":\"de\",\"potentialAction\":[{\"@type\":\"ReadAction\",\"target\":[\"https:\/\/www.lebenswelt-schule.de\/index.php\/lebenswelt\/kurzkonzept\/\"]}]},{\"@type\":\"ImageObject\",\"inLanguage\":\"de\",\"@id\":\"https:\/\/www.lebenswelt-schule.de\/index.php\/lebenswelt\/kurzkonzept\/#primaryimage\",\"url\":\"http:\/\/lebenswelt-schule.webentwicklung.haus-der-edv.de\/wp-content\/uploads\/2020\/12\/Plakat_Zusammenarbeit-1.jpg\",\"contentUrl\":\"http:\/\/lebenswelt-schule.webentwicklung.haus-der-edv.de\/wp-content\/uploads\/2020\/12\/Plakat_Zusammenarbeit-1.jpg\"},{\"@type\":\"BreadcrumbList\",\"@id\":\"https:\/\/www.lebenswelt-schule.de\/index.php\/lebenswelt\/kurzkonzept\/#breadcrumb\",\"itemListElement\":[{\"@type\":\"ListItem\",\"position\":1,\"name\":\"Home\",\"item\":\"https:\/\/www.lebenswelt-schule.de\/\"},{\"@type\":\"ListItem\",\"position\":2,\"name\":\"Lebenswelt\",\"item\":\"https:\/\/www.lebenswelt-schule.de\/index.php\/lebenswelt\/\"},{\"@type\":\"ListItem\",\"position\":3,\"name\":\"Konzept Soziales Lernen und soziales Miteinander an der Lebenswelt Schul\"}]},{\"@type\":\"WebSite\",\"@id\":\"https:\/\/www.lebenswelt-schule.de\/#website\",\"url\":\"https:\/\/www.lebenswelt-schule.de\/\",\"name\":\"Lebenswelt Schule\",\"description\":\"Christliche Montessori-Ganztagsschule staatlich anerkannte Ersatzschule\",\"publisher\":{\"@id\":\"https:\/\/www.lebenswelt-schule.de\/#organization\"},\"potentialAction\":[{\"@type\":\"SearchAction\",\"target\":{\"@type\":\"EntryPoint\",\"urlTemplate\":\"https:\/\/www.lebenswelt-schule.de\/?s={search_term_string}\"},\"query-input\":{\"@type\":\"PropertyValueSpecification\",\"valueRequired\":true,\"valueName\":\"search_term_string\"}}],\"inLanguage\":\"de\"},{\"@type\":\"Organization\",\"@id\":\"https:\/\/www.lebenswelt-schule.de\/#organization\",\"name\":\"Lebenswelt Schule\",\"url\":\"https:\/\/www.lebenswelt-schule.de\/\",\"logo\":{\"@type\":\"ImageObject\",\"inLanguage\":\"de\",\"@id\":\"https:\/\/www.lebenswelt-schule.de\/#\/schema\/logo\/image\/\",\"url\":\"https:\/\/www.lebenswelt-schule.de\/wp-content\/uploads\/2021\/01\/logo-briefkopf.jpg\",\"contentUrl\":\"https:\/\/www.lebenswelt-schule.de\/wp-content\/uploads\/2021\/01\/logo-briefkopf.jpg\",\"width\":2442,\"height\":1638,\"caption\":\"Lebenswelt Schule\"},\"image\":{\"@id\":\"https:\/\/www.lebenswelt-schule.de\/#\/schema\/logo\/image\/\"},\"sameAs\":[\"https:\/\/www.facebook.com\/lebensweltschule\"]}]}<\/script>\n<!-- \/ Yoast SEO plugin. -->","yoast_head_json":{"title":"Konzept Soziales Lernen und soziales Miteinander an der Lebenswelt Schul - Lebenswelt Schule","robots":{"index":"index","follow":"follow","max-snippet":"max-snippet:-1","max-image-preview":"max-image-preview:large","max-video-preview":"max-video-preview:-1"},"canonical":"https:\/\/www.lebenswelt-schule.de\/index.php\/lebenswelt\/kurzkonzept\/","og_locale":"de_DE","og_type":"article","og_title":"Konzept Soziales Lernen und soziales Miteinander an der Lebenswelt Schul - Lebenswelt Schule","og_description":"Leits\u00e4tze unserer Zusammenarbeit Die Leits\u00e4tze unserer Zusammenarbeit sind im Kontext unseres Schulentwicklungsprozesses\u00a0 2018\/2019 entstanden. Sie wurden von allen Mitarbeiter*innen des Lebenswelt Schule e.V. erarbeitet und dienen uns als Orientierung, als Qualit\u00e4tsmerkmal und als Leitbild f\u00fcr unser t\u00e4gliches Miteinander. Unsere Arbeit steht auf einem Fundament, welches das christliche Menschenbild in den Mittelpunkt stellt. Gegenseitige Achtung, Wertsch\u00e4tzung,[...]","og_url":"https:\/\/www.lebenswelt-schule.de\/index.php\/lebenswelt\/kurzkonzept\/","og_site_name":"Lebenswelt Schule","article_publisher":"https:\/\/www.facebook.com\/lebensweltschule","article_modified_time":"2026-02-03T15:44:59+00:00","og_image":[{"width":582,"height":816,"url":"https:\/\/www.lebenswelt-schule.de\/wp-content\/uploads\/2020\/12\/Plakat_Zusammenarbeit-1.jpg","type":"image\/jpeg"}],"twitter_card":"summary_large_image","twitter_misc":{"Gesch\u00e4tzte Lesezeit":"3\u00a0Minuten"},"schema":{"@context":"https:\/\/schema.org","@graph":[{"@type":"WebPage","@id":"https:\/\/www.lebenswelt-schule.de\/index.php\/lebenswelt\/kurzkonzept\/","url":"https:\/\/www.lebenswelt-schule.de\/index.php\/lebenswelt\/kurzkonzept\/","name":"Konzept Soziales Lernen und soziales Miteinander an der Lebenswelt Schul - Lebenswelt Schule","isPartOf":{"@id":"https:\/\/www.lebenswelt-schule.de\/#website"},"primaryImageOfPage":{"@id":"https:\/\/www.lebenswelt-schule.de\/index.php\/lebenswelt\/kurzkonzept\/#primaryimage"},"image":{"@id":"https:\/\/www.lebenswelt-schule.de\/index.php\/lebenswelt\/kurzkonzept\/#primaryimage"},"thumbnailUrl":"http:\/\/lebenswelt-schule.webentwicklung.haus-der-edv.de\/wp-content\/uploads\/2020\/12\/Plakat_Zusammenarbeit-1.jpg","datePublished":"2020-10-06T08:43:25+00:00","dateModified":"2026-02-03T15:44:59+00:00","breadcrumb":{"@id":"https:\/\/www.lebenswelt-schule.de\/index.php\/lebenswelt\/kurzkonzept\/#breadcrumb"},"inLanguage":"de","potentialAction":[{"@type":"ReadAction","target":["https:\/\/www.lebenswelt-schule.de\/index.php\/lebenswelt\/kurzkonzept\/"]}]},{"@type":"ImageObject","inLanguage":"de","@id":"https:\/\/www.lebenswelt-schule.de\/index.php\/lebenswelt\/kurzkonzept\/#primaryimage","url":"http:\/\/lebenswelt-schule.webentwicklung.haus-der-edv.de\/wp-content\/uploads\/2020\/12\/Plakat_Zusammenarbeit-1.jpg","contentUrl":"http:\/\/lebenswelt-schule.webentwicklung.haus-der-edv.de\/wp-content\/uploads\/2020\/12\/Plakat_Zusammenarbeit-1.jpg"},{"@type":"BreadcrumbList","@id":"https:\/\/www.lebenswelt-schule.de\/index.php\/lebenswelt\/kurzkonzept\/#breadcrumb","itemListElement":[{"@type":"ListItem","position":1,"name":"Home","item":"https:\/\/www.lebenswelt-schule.de\/"},{"@type":"ListItem","position":2,"name":"Lebenswelt","item":"https:\/\/www.lebenswelt-schule.de\/index.php\/lebenswelt\/"},{"@type":"ListItem","position":3,"name":"Konzept Soziales Lernen und soziales Miteinander an der Lebenswelt Schul"}]},{"@type":"WebSite","@id":"https:\/\/www.lebenswelt-schule.de\/#website","url":"https:\/\/www.lebenswelt-schule.de\/","name":"Lebenswelt Schule","description":"Christliche Montessori-Ganztagsschule staatlich anerkannte Ersatzschule","publisher":{"@id":"https:\/\/www.lebenswelt-schule.de\/#organization"},"potentialAction":[{"@type":"SearchAction","target":{"@type":"EntryPoint","urlTemplate":"https:\/\/www.lebenswelt-schule.de\/?s={search_term_string}"},"query-input":{"@type":"PropertyValueSpecification","valueRequired":true,"valueName":"search_term_string"}}],"inLanguage":"de"},{"@type":"Organization","@id":"https:\/\/www.lebenswelt-schule.de\/#organization","name":"Lebenswelt Schule","url":"https:\/\/www.lebenswelt-schule.de\/","logo":{"@type":"ImageObject","inLanguage":"de","@id":"https:\/\/www.lebenswelt-schule.de\/#\/schema\/logo\/image\/","url":"https:\/\/www.lebenswelt-schule.de\/wp-content\/uploads\/2021\/01\/logo-briefkopf.jpg","contentUrl":"https:\/\/www.lebenswelt-schule.de\/wp-content\/uploads\/2021\/01\/logo-briefkopf.jpg","width":2442,"height":1638,"caption":"Lebenswelt Schule"},"image":{"@id":"https:\/\/www.lebenswelt-schule.de\/#\/schema\/logo\/image\/"},"sameAs":["https:\/\/www.facebook.com\/lebensweltschule"]}]}},"_links":{"self":[{"href":"https:\/\/www.lebenswelt-schule.de\/index.php\/wp-json\/wp\/v2\/pages\/64","targetHints":{"allow":["GET"]}}],"collection":[{"href":"https:\/\/www.lebenswelt-schule.de\/index.php\/wp-json\/wp\/v2\/pages"}],"about":[{"href":"https:\/\/www.lebenswelt-schule.de\/index.php\/wp-json\/wp\/v2\/types\/page"}],"author":[{"embeddable":true,"href":"https:\/\/www.lebenswelt-schule.de\/index.php\/wp-json\/wp\/v2\/users\/1"}],"replies":[{"embeddable":true,"href":"https:\/\/www.lebenswelt-schule.de\/index.php\/wp-json\/wp\/v2\/comments?post=64"}],"version-history":[{"count":29,"href":"https:\/\/www.lebenswelt-schule.de\/index.php\/wp-json\/wp\/v2\/pages\/64\/revisions"}],"predecessor-version":[{"id":1809,"href":"https:\/\/www.lebenswelt-schule.de\/index.php\/wp-json\/wp\/v2\/pages\/64\/revisions\/1809"}],"up":[{"embeddable":true,"href":"https:\/\/www.lebenswelt-schule.de\/index.php\/wp-json\/wp\/v2\/pages\/62"}],"wp:attachment":[{"href":"https:\/\/www.lebenswelt-schule.de\/index.php\/wp-json\/wp\/v2\/media?parent=64"}],"curies":[{"name":"wp","href":"https:\/\/api.w.org\/{rel}","templated":true}]}}