{"id":68,"date":"2020-10-06T10:43:54","date_gmt":"2020-10-06T08:43:54","guid":{"rendered":"http:\/\/lebenswelt-schule.webentwicklung.haus-der-edv.de\/?page_id=68"},"modified":"2023-08-04T09:13:24","modified_gmt":"2023-08-04T07:13:24","slug":"grundgedanken","status":"publish","type":"page","link":"https:\/\/www.lebenswelt-schule.de\/index.php\/lebenswelt\/grundgedanken\/","title":{"rendered":"Grundpfeiler"},"content":{"rendered":"\n<h1 class=\"has-text-color wp-block-heading\" style=\"color:#034316\">Montessori-P\u00e4dagogik<\/h1>\n\n\n\n<p>In unserer Arbeit in Hort und Schule orientieren wir uns an den Grundgedanken der Montessori-P\u00e4dagogik und setzen diese sowohl im vormitt\u00e4glichen Unterricht als auch im Freizeitbereich am Nachmittag in die Praxis um.&nbsp;&nbsp;<\/p>\n\n\n\n<p>Die Montessori-P\u00e4dagogik beruht auf den Beobachtungen und Erfahrungen der italienischen \u00c4rztin und P\u00e4dagogin Maria Montessori, die mit ihrem ganzheitlichen Konzept neue Unterrichtsformen und didaktische Materialien f\u00fcr Kinder entwickelte.&nbsp;&nbsp;<\/p>\n\n\n\n<p><strong>Das Kind steht im Mittelpunkt<\/strong>. Es wird als vollwertiger, selbst\u00e4ndig denkender und handelnder Mensch gesehen und in seiner Pers\u00f6nlichkeit und Einmaligkeit geachtet. Jedes Kind erf\u00e4hrt bedingungslose Annahme, Liebe und Wertsch\u00e4tzung, unabh\u00e4ngig seiner Leistungsf\u00e4higkeit und seines derzeitigen Verhaltens.&nbsp;&nbsp;<\/p>\n\n\n\n<p>Wir erm\u00f6glichen jedem Kind <strong>individuelle Lernprozesse<\/strong>, indem wir die aktuellen Leistungsm\u00f6glichkeiten, Interessen und Lernaufgaben wahrnehmen, entsprechende Lernimpulse geben und Materialangebote machen.&nbsp;<\/p>\n\n\n\n<p><strong>Freiheit<\/strong> ist nicht einfach vorhanden, sie muss sich im Prozess des Selbstaufbaus der Pers\u00f6nlichkeit entwickeln. Freiheit hei\u00dft nicht, machen zu k\u00f6nnen, was man will, sondern, \u201eFreiheit hei\u00dft, Meister seiner selbst zu sein\u201c. Entwicklungsgrad und H\u00f6he der Verantwortungs\u00fcbernahme des einzelnen Kindes entscheidet \u00fcber Gr\u00f6\u00dfe der pers\u00f6nlichen Freiheit. Die Freiheit unserer Kinder hat als Grenze die Gemeinschaft.&nbsp;<\/p>\n\n\n\n<p>Die <strong>freie Wahl der Arbeit <\/strong>ist grunds\u00e4tzliche Arbeitsform, die sich in vielen T\u00e4tigkeiten des Alltags finden l\u00e4sst. Sie umfasst die freie Wahl des Materials, des Arbeitsplatzes, der Partner sowie Zeitpunkt und Dauer der Arbeit.&nbsp;&nbsp;<\/p>\n\n\n\n<p>Die Entwicklung der <strong>Selbst\u00e4ndigkeit<\/strong> und <strong>Selbstt\u00e4tigkeit<\/strong> ist das \u00fcbergeordnete p\u00e4dagogische Ziel. Der Kernsatz \u201eHilf mir, es selbst zu tun\u201c gilt ausnahmslos f\u00fcr alle Bereiche. Wir geben so viel Hilfe, wie n\u00f6tig, aber so wenig wie m\u00f6glich. Selbst\u00e4ndig und verantwortungsvoll handelnde Pers\u00f6nlichkeiten sind unser Ziel. Daher geben wir Raum f\u00fcr selbst\u00e4ndiges Denken und Handeln sowie f\u00fcr freie Entscheidungen und Mitbestimmung.&nbsp;<\/p>\n\n\n\n<p>F\u00fcr das gesamte Schulleben sowie f\u00fcr die Gestaltung von Nachmittags- und Ganztagsangeboten gelten die Prinzipien der <strong>Vorbereiteten Umgebung<\/strong>.&nbsp;<\/p>\n\n\n\n<p>Alle <strong>R\u00e4umlichkeiten, <\/strong>bis hin zum Au\u00dfengel\u00e4nde<strong>,<\/strong> sind als vorbereitete Umgebung mit Arbeits- und Entwicklungsm\u00f6glichkeiten f\u00fcr die Kinder gestaltet. Die Raumgestaltung ist \u00fcbersichtlich, gepflegt und \u00e4sthetisch, sie entspricht dem Alter und Entwicklungsstand der Kinder.&nbsp;&nbsp;<\/p>\n\n\n\n<p>Das <strong>Material<\/strong> ist Voraussetzung und Arbeitsgrundlage des selbst\u00e4ndigen und aktiven Lernens und Handelns der Kinder. Das Materialangebot besteht weitestgehend aus Montessorimaterialien. Es ist gebrauchsbereit, in sich vollst\u00e4ndig, geordnet, unbesch\u00e4digt und sauber.&nbsp;&nbsp;<\/p>\n\n\n\n<p>Im gesamten Schulleben sowie bei der Gestaltung von Nachmittags- und Ganztagsangeboten gilt das Prinzip der <strong>altersgemischten Lerngruppe<\/strong>, damit Kinder vermehrt voneinander und kooperativ lernen.&nbsp;&nbsp;<\/p>\n\n\n\n<p>Kinder wollen etwas leisten, wenn wir ihnen Anregungen bieten, ihren Interessen Raum geben und sie selbst\u00e4ndig arbeiten lassen. Sie sind zu Leistungen motiviert, wenn sie Zusammenh\u00e4nge erkennen und in den Lernprozess aktiv einbezogen werden k\u00f6nnen. Um unabh\u00e4ngiger und selbst\u00e4ndiger zu werden geh\u00f6rt, dass Kinder lernen, ihre eigene <strong>Leistung<\/strong> einzusch\u00e4tzen. Sie kontrollieren ihre Arbeit selbst, korrigieren die Fehler und verbessern sich dabei selbst.&nbsp;<\/p>\n\n\n\n<p>Alle p\u00e4dagogischen Mitarbeiter*innen sind ausgebildete Montessori-P\u00e4dagog*innen. Ihr p\u00e4dagogisches Handeln basiert auf der konsequenten <strong>Haltung<\/strong>, zum selbstt\u00e4tigen Lernen nach dem Leitsatz: <strong>\u201eHilf mir, es selbst zu tun.\u201c<\/strong> Sie begleiten die Lebens- und Lernwege der Kinder und initiieren die individuellen Lernprozesse, indem sie dem jeweiligen Entwicklungsstand des Kindes entsprechende Materialien anbieten und die Lernumgebung des Kindes so gestalten, dass dessen Selbst\u00e4ndigkeit und Selbstt\u00e4tigkeit gef\u00f6rdert werden.&nbsp;&nbsp;<\/p>\n\n\n\n<h1 class=\"has-text-color wp-block-heading\" style=\"color:#034316\">Christliche Schule <\/h1>\n\n\n\n<p>Im allt\u00e4glichen Handeln nach den Montessori-Grunds\u00e4tzen, die Kinder als wertvolle einmalige Individuen zu respektieren und in ihrer bedingungslosen Annahme, zeigt sich unser <strong>christliches Menschenbild<\/strong>. Als christliche Einrichtung leben wir vor, was es hei\u00dft, sich aufgehoben zu f\u00fchlen bei einem vergebenden und liebenden Gott.&nbsp;&nbsp;<\/p>\n\n\n\n<p>Unsere zugrundeliegenden <strong>christlichen Werte<\/strong> m\u00f6chten wir den Kindern n\u00e4her bringen: Verantwortung f\u00fcr die Bewahrung und Gestaltung unserer Welt, Anerkennung und Achtung Andersdenkender, N\u00e4chstenliebe, Dankbarkeit, sowie Handeln und Verantwortung f\u00fcr Frieden und soziale Gerechtigkeit. Die Erfahrung des Eingebunden-Seins in den gro\u00dfen Zusammenhang der Sch\u00f6pfung, das Entdecken der eigenen Lebenskr\u00e4fte, Fragen und Antworten nach dem Sinn des Lebens und der Welt geh\u00f6ren ebenso zum Schul- und Hortalltag.&nbsp;&nbsp;<\/p>\n\n\n\n<p>Die <strong>Schulkultur<\/strong> ist gepr\u00e4gt von Wertsch\u00e4tzung unterschiedlicher Kulturen, Religionen und Lebensentw\u00fcrfen. Das Schulleben erm\u00f6glicht allen Erwachsenen und Kindern ein vertieftes Kennenlernen des evangelischen Glaubens und seiner lebendigen Gestaltung. Als Schulgemeinschaft nehmen wir uns in monatlichen Schulgottesdiensten und Andachten Zeit und Raum f\u00fcr die Begegnung mit dem christlichen Glauben. Gemeinsam feiern und erleben wir an Projekttagen und bei Festen die H\u00f6hepunkte des Kirchenjahreskreises und machen uns mit <strong>christlichen Traditionen<\/strong> vertraut. Jedes Kind nimmt am <strong>Religionsunterricht<\/strong> teil.\u00a0\u00a0<\/p>\n\n\n\n<h1 class=\"has-text-color wp-block-heading\" style=\"color:#034316\">Ganzt\u00e4giges Lernen <\/h1>\n\n\n\n<p>Als Ganztagsschule streben wir eine Gestaltung des gesamten Schulalltags an, die unserem ganzheitlichen Bildungsverst\u00e4ndnis ebenso wie unserem Anspruch Schule als Lebenswelt entspricht. Alle P\u00e4dagog*innen arbeiten im Team und gestalten den gesamten Schulalltag gemeinsam.&nbsp;<\/p>\n\n\n\n<p>Kinder und Erwachsene erleben <strong>Schule und Hort als eine Einheit<\/strong>, die sie aktiv mitgestalten k\u00f6nnen. Unterrichtszeiten und Betreuungszeiten im Hort sind miteinander verkn\u00fcpft und k\u00f6nnen sich im Laufe des Tages abwechseln. Alle Kinder halten sich in der Kernzeit von 7.45 \u2013 15.00 Uhr in der Schule auf.&nbsp;<\/p>\n\n\n\n<p>Schule ist nicht nur Ort, um Wissen zu vermitteln und sich anzueignen, sondern ein Ort, an dem sich Kinder, Eltern und P\u00e4dagog*innen einen Gro\u00dfteil des Tages aufhalten und sich wohl f\u00fchlen sollen. Au\u00dfengel\u00e4nde, Schul- und Hortr\u00e4ume werden so gestaltet, dass sie Erlebnis- und Handlungsfelder schaffen, wo Kinder mit-machen, mit-erleben und mit-f\u00fchlen k\u00f6nnen.&nbsp;&nbsp;<\/p>\n\n\n\n<p>Die <strong>Lebendigkeit<\/strong> des Schul- und Hortlebens zeigt sich ebenso in gemeinsam geplanten Projekten, in der Gestaltung von Festen, Ausfl\u00fcgen und Klassenfahrten, an denen alle P\u00e4dagog*innen beteiligt sind.&nbsp;<\/p>\n\n\n\n<h1 class=\"has-text-color wp-block-heading\" style=\"color:#034316\">Inklusive Schule<\/h1>\n\n\n\n<p>Die Lebenswelt Schule ist eine inklusive Schule. Die Schulgemeinschaft tauscht sich regelm\u00e4\u00dfig \u00fcber <strong>inklusive<\/strong> <strong>Haltungen und Werte<\/strong> aus.&nbsp;<\/p>\n\n\n\n<p><strong>Vielfalt<\/strong> und <strong>Teilhabe<\/strong> sind die selbstverst\u00e4ndlichen und grundlegenden Werte.&nbsp;<\/p>\n\n\n\n<p>Unsere Schule ist ein Ort mit m\u00f6glichst vielen verschiedenen Menschen (Mitarbeiter*innen, Familien und Kinder). Sie bilden eine <strong>Gemeinschaft<\/strong>, in der alle willkommen und einbezogen sind und sich wohlf\u00fchlen sollen.&nbsp;&nbsp;<\/p>\n\n\n\n<p>Eine gro\u00dfe Vielfalt an Kindern mit besonderen Bed\u00fcrfnissen, mit und ohne sonderp\u00e4dagogischem F\u00f6rderbedarf und unterschiedlicher Herkunft ist darin willkommen. Alle bekommen die gleichen Chancen und leben, lernen und spielen gemeinsam. F\u00fcr alle ist das Erleben von Verschiedenheit eine Bereicherung.&nbsp;&nbsp;<\/p>\n\n\n\n<p>Alle Mitglieder dieser Gemeinschaft stehen im offenen <strong>Dialog<\/strong> miteinander im Kontakt und gehen achtsam, wertsch\u00e4tzend, kooperativ und tolerant miteinander um. Jeder ist besonders und wird mit seinen St\u00e4rken und Schw\u00e4chen wertgesch\u00e4tzt.&nbsp;<\/p>\n\n\n\n<h1 class=\"has-text-color wp-block-heading\" style=\"color:#034316\">Soziales Lernen<\/h1>\n\n\n\n<p>Soziales Lernen findet immer statt, beim gemeinsamen Erleben, Lernen, Spielen, Arbeiten und Feiern. An unserer kleinen famili\u00e4ren Schule kennt jeder jeden, es herrscht eine <strong>vertrauensvolle Atmosph\u00e4re<\/strong>.&nbsp;&nbsp;<\/p>\n\n\n\n<p>Soziales Verhalten erlernen die Kinder nicht durch Verordnung, sondern durch <strong>Teilhabe<\/strong>, <strong>Mitgestaltung<\/strong> und st\u00e4ndiges <strong>Ein\u00fcben<\/strong>. Wir vermitteln soziale Kompetenzen wie Achtung, Freundlichkeit, Konfliktbereitschaft, Toleranz, Hilfe, Angenommen-Sein, Verst\u00e4ndnis, Verzeihen. Darauf legen wir Wert in der allt\u00e4glichen p\u00e4dagogischen Arbeit und nehmen uns Zeit in Morgenkreisen, Klassenprojekten und Gottesdiensten. Wir schaffen M\u00f6glichkeiten f\u00fcr alle Kinder, Strategien zur <strong>friedlichen Konfliktl\u00f6sung<\/strong> zu erlernen und zu erleben.\u00a0<\/p>\n\n\n\n<p><strong>Regeln<\/strong> f\u00fcr das Verhalten in der Gemeinschaft und Konsequenzen bei Nichteinhaltung entwickeln und \u00fcberpr\u00fcfen wir mit den mit Kindern gemeinsam. Sie gelten f\u00fcr alle Kinder und Erwachsenen in allen Bereichen Schulalltages:&nbsp;<\/p>\n\n\n\n<ul class=\"wp-block-list\">\n<li>Ich habe das Recht, ungest\u00f6rt zu spielen und zu lernen.&nbsp;<\/li>\n\n\n\n<li>Ich verhalte mich anderen gegen\u00fcber r\u00fccksichtsvoll mit Worten und Taten.&nbsp;<\/li>\n\n\n\n<li>Ich nutze und achte die STOPP-Regel.&nbsp;<\/li>\n\n\n\n<li>Ich akzeptiere das Anders-Sein anderer Kinder, damit sich jeder in der Schule wohlf\u00fchlen kann.&nbsp;<\/li>\n\n\n\n<li>Ich helfe anderen, wenn sie Hilfe brauchen.&nbsp;<\/li>\n\n\n\n<li>Ich achte das pers\u00f6nliche Eigentum anderer und gehe achtsam mit den mir anvertrauten Gegenst\u00e4nden und Arbeitsmaterialien um.&nbsp;&nbsp;<\/li>\n<\/ul>\n","protected":false},"excerpt":{"rendered":"<p>Montessori-P\u00e4dagogik In unserer Arbeit in Hort und Schule orientieren wir uns an den Grundgedanken der Montessori-P\u00e4dagogik und setzen diese sowohl im vormitt\u00e4glichen Unterricht als auch im Freizeitbereich am Nachmittag in die Praxis um.&nbsp;&nbsp; Die Montessori-P\u00e4dagogik beruht auf den Beobachtungen und Erfahrungen der italienischen \u00c4rztin und P\u00e4dagogin Maria Montessori, die mit ihrem ganzheitlichen Konzept neue Unterrichtsformen<a href=\"https:\/\/www.lebenswelt-schule.de\/index.php\/lebenswelt\/grundgedanken\/\">[&#8230;]<\/a><\/p>\n","protected":false},"author":1,"featured_media":0,"parent":62,"menu_order":0,"comment_status":"closed","ping_status":"closed","template":"","meta":{"_themeisle_gutenberg_block_has_review":false,"footnotes":""},"class_list":["post-68","page","type-page","status-publish","hentry"],"yoast_head":"<!-- This site is optimized with the Yoast SEO plugin v26.9 - https:\/\/yoast.com\/product\/yoast-seo-wordpress\/ -->\n<title>Grundpfeiler - Lebenswelt Schule<\/title>\n<meta name=\"robots\" content=\"index, follow, max-snippet:-1, max-image-preview:large, max-video-preview:-1\" \/>\n<link rel=\"canonical\" href=\"https:\/\/www.lebenswelt-schule.de\/index.php\/lebenswelt\/grundgedanken\/\" \/>\n<meta property=\"og:locale\" content=\"de_DE\" \/>\n<meta property=\"og:type\" content=\"article\" \/>\n<meta property=\"og:title\" content=\"Grundpfeiler - Lebenswelt Schule\" \/>\n<meta property=\"og:description\" content=\"Montessori-P\u00e4dagogik In unserer Arbeit in Hort und Schule orientieren wir uns an den Grundgedanken der Montessori-P\u00e4dagogik und setzen diese sowohl im vormitt\u00e4glichen Unterricht als auch im Freizeitbereich am Nachmittag in die Praxis um.&nbsp;&nbsp; Die Montessori-P\u00e4dagogik beruht auf den Beobachtungen und Erfahrungen der italienischen \u00c4rztin und P\u00e4dagogin Maria Montessori, die mit ihrem ganzheitlichen Konzept neue Unterrichtsformen[...]\" \/>\n<meta property=\"og:url\" content=\"https:\/\/www.lebenswelt-schule.de\/index.php\/lebenswelt\/grundgedanken\/\" \/>\n<meta property=\"og:site_name\" content=\"Lebenswelt Schule\" \/>\n<meta property=\"article:publisher\" content=\"https:\/\/www.facebook.com\/lebensweltschule\" \/>\n<meta property=\"article:modified_time\" content=\"2023-08-04T07:13:24+00:00\" \/>\n<meta name=\"twitter:card\" content=\"summary_large_image\" \/>\n<meta name=\"twitter:label1\" content=\"Gesch\u00e4tzte Lesezeit\" \/>\n\t<meta name=\"twitter:data1\" content=\"7\u00a0Minuten\" \/>\n<script type=\"application\/ld+json\" class=\"yoast-schema-graph\">{\"@context\":\"https:\/\/schema.org\",\"@graph\":[{\"@type\":\"WebPage\",\"@id\":\"https:\/\/www.lebenswelt-schule.de\/index.php\/lebenswelt\/grundgedanken\/\",\"url\":\"https:\/\/www.lebenswelt-schule.de\/index.php\/lebenswelt\/grundgedanken\/\",\"name\":\"Grundpfeiler - Lebenswelt Schule\",\"isPartOf\":{\"@id\":\"https:\/\/www.lebenswelt-schule.de\/#website\"},\"datePublished\":\"2020-10-06T08:43:54+00:00\",\"dateModified\":\"2023-08-04T07:13:24+00:00\",\"breadcrumb\":{\"@id\":\"https:\/\/www.lebenswelt-schule.de\/index.php\/lebenswelt\/grundgedanken\/#breadcrumb\"},\"inLanguage\":\"de\",\"potentialAction\":[{\"@type\":\"ReadAction\",\"target\":[\"https:\/\/www.lebenswelt-schule.de\/index.php\/lebenswelt\/grundgedanken\/\"]}]},{\"@type\":\"BreadcrumbList\",\"@id\":\"https:\/\/www.lebenswelt-schule.de\/index.php\/lebenswelt\/grundgedanken\/#breadcrumb\",\"itemListElement\":[{\"@type\":\"ListItem\",\"position\":1,\"name\":\"Home\",\"item\":\"https:\/\/www.lebenswelt-schule.de\/\"},{\"@type\":\"ListItem\",\"position\":2,\"name\":\"Lebenswelt\",\"item\":\"https:\/\/www.lebenswelt-schule.de\/index.php\/lebenswelt\/\"},{\"@type\":\"ListItem\",\"position\":3,\"name\":\"Grundpfeiler\"}]},{\"@type\":\"WebSite\",\"@id\":\"https:\/\/www.lebenswelt-schule.de\/#website\",\"url\":\"https:\/\/www.lebenswelt-schule.de\/\",\"name\":\"Lebenswelt Schule\",\"description\":\"Christliche Montessori-Ganztagsschule staatlich anerkannte Ersatzschule\",\"publisher\":{\"@id\":\"https:\/\/www.lebenswelt-schule.de\/#organization\"},\"potentialAction\":[{\"@type\":\"SearchAction\",\"target\":{\"@type\":\"EntryPoint\",\"urlTemplate\":\"https:\/\/www.lebenswelt-schule.de\/?s={search_term_string}\"},\"query-input\":{\"@type\":\"PropertyValueSpecification\",\"valueRequired\":true,\"valueName\":\"search_term_string\"}}],\"inLanguage\":\"de\"},{\"@type\":\"Organization\",\"@id\":\"https:\/\/www.lebenswelt-schule.de\/#organization\",\"name\":\"Lebenswelt Schule\",\"url\":\"https:\/\/www.lebenswelt-schule.de\/\",\"logo\":{\"@type\":\"ImageObject\",\"inLanguage\":\"de\",\"@id\":\"https:\/\/www.lebenswelt-schule.de\/#\/schema\/logo\/image\/\",\"url\":\"https:\/\/www.lebenswelt-schule.de\/wp-content\/uploads\/2021\/01\/logo-briefkopf.jpg\",\"contentUrl\":\"https:\/\/www.lebenswelt-schule.de\/wp-content\/uploads\/2021\/01\/logo-briefkopf.jpg\",\"width\":2442,\"height\":1638,\"caption\":\"Lebenswelt Schule\"},\"image\":{\"@id\":\"https:\/\/www.lebenswelt-schule.de\/#\/schema\/logo\/image\/\"},\"sameAs\":[\"https:\/\/www.facebook.com\/lebensweltschule\"]}]}<\/script>\n<!-- \/ Yoast SEO plugin. -->","yoast_head_json":{"title":"Grundpfeiler - Lebenswelt Schule","robots":{"index":"index","follow":"follow","max-snippet":"max-snippet:-1","max-image-preview":"max-image-preview:large","max-video-preview":"max-video-preview:-1"},"canonical":"https:\/\/www.lebenswelt-schule.de\/index.php\/lebenswelt\/grundgedanken\/","og_locale":"de_DE","og_type":"article","og_title":"Grundpfeiler - Lebenswelt Schule","og_description":"Montessori-P\u00e4dagogik In unserer Arbeit in Hort und Schule orientieren wir uns an den Grundgedanken der Montessori-P\u00e4dagogik und setzen diese sowohl im vormitt\u00e4glichen Unterricht als auch im Freizeitbereich am Nachmittag in die Praxis um.&nbsp;&nbsp; Die Montessori-P\u00e4dagogik beruht auf den Beobachtungen und Erfahrungen der italienischen \u00c4rztin und P\u00e4dagogin Maria Montessori, die mit ihrem ganzheitlichen Konzept neue Unterrichtsformen[...]","og_url":"https:\/\/www.lebenswelt-schule.de\/index.php\/lebenswelt\/grundgedanken\/","og_site_name":"Lebenswelt Schule","article_publisher":"https:\/\/www.facebook.com\/lebensweltschule","article_modified_time":"2023-08-04T07:13:24+00:00","twitter_card":"summary_large_image","twitter_misc":{"Gesch\u00e4tzte Lesezeit":"7\u00a0Minuten"},"schema":{"@context":"https:\/\/schema.org","@graph":[{"@type":"WebPage","@id":"https:\/\/www.lebenswelt-schule.de\/index.php\/lebenswelt\/grundgedanken\/","url":"https:\/\/www.lebenswelt-schule.de\/index.php\/lebenswelt\/grundgedanken\/","name":"Grundpfeiler - Lebenswelt Schule","isPartOf":{"@id":"https:\/\/www.lebenswelt-schule.de\/#website"},"datePublished":"2020-10-06T08:43:54+00:00","dateModified":"2023-08-04T07:13:24+00:00","breadcrumb":{"@id":"https:\/\/www.lebenswelt-schule.de\/index.php\/lebenswelt\/grundgedanken\/#breadcrumb"},"inLanguage":"de","potentialAction":[{"@type":"ReadAction","target":["https:\/\/www.lebenswelt-schule.de\/index.php\/lebenswelt\/grundgedanken\/"]}]},{"@type":"BreadcrumbList","@id":"https:\/\/www.lebenswelt-schule.de\/index.php\/lebenswelt\/grundgedanken\/#breadcrumb","itemListElement":[{"@type":"ListItem","position":1,"name":"Home","item":"https:\/\/www.lebenswelt-schule.de\/"},{"@type":"ListItem","position":2,"name":"Lebenswelt","item":"https:\/\/www.lebenswelt-schule.de\/index.php\/lebenswelt\/"},{"@type":"ListItem","position":3,"name":"Grundpfeiler"}]},{"@type":"WebSite","@id":"https:\/\/www.lebenswelt-schule.de\/#website","url":"https:\/\/www.lebenswelt-schule.de\/","name":"Lebenswelt Schule","description":"Christliche Montessori-Ganztagsschule staatlich anerkannte Ersatzschule","publisher":{"@id":"https:\/\/www.lebenswelt-schule.de\/#organization"},"potentialAction":[{"@type":"SearchAction","target":{"@type":"EntryPoint","urlTemplate":"https:\/\/www.lebenswelt-schule.de\/?s={search_term_string}"},"query-input":{"@type":"PropertyValueSpecification","valueRequired":true,"valueName":"search_term_string"}}],"inLanguage":"de"},{"@type":"Organization","@id":"https:\/\/www.lebenswelt-schule.de\/#organization","name":"Lebenswelt Schule","url":"https:\/\/www.lebenswelt-schule.de\/","logo":{"@type":"ImageObject","inLanguage":"de","@id":"https:\/\/www.lebenswelt-schule.de\/#\/schema\/logo\/image\/","url":"https:\/\/www.lebenswelt-schule.de\/wp-content\/uploads\/2021\/01\/logo-briefkopf.jpg","contentUrl":"https:\/\/www.lebenswelt-schule.de\/wp-content\/uploads\/2021\/01\/logo-briefkopf.jpg","width":2442,"height":1638,"caption":"Lebenswelt Schule"},"image":{"@id":"https:\/\/www.lebenswelt-schule.de\/#\/schema\/logo\/image\/"},"sameAs":["https:\/\/www.facebook.com\/lebensweltschule"]}]}},"_links":{"self":[{"href":"https:\/\/www.lebenswelt-schule.de\/index.php\/wp-json\/wp\/v2\/pages\/68","targetHints":{"allow":["GET"]}}],"collection":[{"href":"https:\/\/www.lebenswelt-schule.de\/index.php\/wp-json\/wp\/v2\/pages"}],"about":[{"href":"https:\/\/www.lebenswelt-schule.de\/index.php\/wp-json\/wp\/v2\/types\/page"}],"author":[{"embeddable":true,"href":"https:\/\/www.lebenswelt-schule.de\/index.php\/wp-json\/wp\/v2\/users\/1"}],"replies":[{"embeddable":true,"href":"https:\/\/www.lebenswelt-schule.de\/index.php\/wp-json\/wp\/v2\/comments?post=68"}],"version-history":[{"count":9,"href":"https:\/\/www.lebenswelt-schule.de\/index.php\/wp-json\/wp\/v2\/pages\/68\/revisions"}],"predecessor-version":[{"id":1570,"href":"https:\/\/www.lebenswelt-schule.de\/index.php\/wp-json\/wp\/v2\/pages\/68\/revisions\/1570"}],"up":[{"embeddable":true,"href":"https:\/\/www.lebenswelt-schule.de\/index.php\/wp-json\/wp\/v2\/pages\/62"}],"wp:attachment":[{"href":"https:\/\/www.lebenswelt-schule.de\/index.php\/wp-json\/wp\/v2\/media?parent=68"}],"curies":[{"name":"wp","href":"https:\/\/api.w.org\/{rel}","templated":true}]}}